{"id":387,"date":"2015-07-28T07:46:59","date_gmt":"2015-07-28T07:46:59","guid":{"rendered":"http:\/\/kidsplanet.ancorathemes.com\/?post_type=product&#038;p=387"},"modified":"2017-12-30T07:48:27","modified_gmt":"2017-12-30T06:48:27","slug":"bezpieczne-memo-rozmiar-10-x-10-cm","status":"publish","type":"product","link":"https:\/\/bezpieczneprzedszkole.com.pl\/index.php\/produkt\/bezpieczne-memo-rozmiar-10-x-10-cm\/","title":{"rendered":"Bezpieczne Memo &#8211; rozmiar 10 x 10 cm"},"content":{"rendered":"<p>Komplet sk\u0142ada si\u0119 z 16 par p\u0142ytek przedstawiaj\u0105cych dobre i niebezpieczne zachowanie w r\u00f3\u017cnych okoliczno\u015bciach. Gra przeznaczona jest dla dzieci od 3 roku \u017cycia. Wyrabia pami\u0119\u0107, spostrzegawczo\u015b\u0107 i kojarzenie, uczy w\u0142a\u015bciwego zachowania zwi\u0105zanego z bezpiecze\u0144stwem. W grze mo\u017ce bra\u0107 udzia\u0142 od jednego do trzech graczy. Memo zawiera 32 kostki wykonane z drewnianej sklejki, kt\u00f3re przedstawiaj\u0105 dzieci w r\u00f3\u017cnych bezpiecznych i niebezpiecznych sytuacjach. Przed przyst\u0105pieniem do gry warto om\u00f3wi\u0107 z dzie\u0107mi poszczeg\u00f3lne rysunki wyja\u015bniaj\u0105c jakie niebezpiecze\u0144stwo grozi dziecku i co jest niew\u0142a\u015bciwego w jego zachowaniu (szczeg\u00f3lnie te, kt\u00f3re mog\u0105 by\u0107 dla dziecka trudne do zrozumienia- dziewczynka w s\u0142uchawkach, dworzec kolejowy, dziecko id\u0105ce niew\u0142a\u015bciw\u0105 stron\u0105 drogi). Kostki memo mog\u0105 s\u0142u\u017cy\u0107 jako ilustracje do prowadzenia zaj\u0119\u0107 z zakresu bezpiecze\u0144stwa. Wysoka jako\u015b\u0107 wykonania gwarantowana przez fabryk\u0119 zabawek i pomocy z drewna PILCH. Polecamy r\u00f3wnie\u017c Bezpieczne Memo w rozmiarze 5&#215;5 cm.    <\/p>\n","protected":false},"excerpt":{"rendered":"<p>Komplet sk\u0142ada si\u0119 z 16 par p\u0142ytek przedstawiaj\u0105cych dobre i niebezpieczne zachowanie w r\u00f3\u017cnych okoliczno\u015bciach. Gra przeznaczona jest dla dzieci od 3 roku \u017cycia. Wyrabia pami\u0119\u0107, spostrzegawczo\u015b\u0107 i kojarzenie, uczy w\u0142a\u015bciwego zachowania zwi\u0105zanego z bezpiecze\u0144stwem.<\/p>\n","protected":false},"featured_media":1321,"comment_status":"open","ping_status":"closed","template":"","meta":[],"product_cat":[153,166,154],"product_tag":[156],"_links":{"self":[{"href":"https:\/\/bezpieczneprzedszkole.com.pl\/index.php\/wp-json\/wp\/v3\/product\/387"}],"collection":[{"href":"https:\/\/bezpieczneprzedszkole.com.pl\/index.php\/wp-json\/wp\/v3\/product"}],"about":[{"href":"https:\/\/bezpieczneprzedszkole.com.pl\/index.php\/wp-json\/wp\/v2\/types\/product"}],"replies":[{"embeddable":true,"href":"https:\/\/bezpieczneprzedszkole.com.pl\/index.php\/wp-json\/wp\/v2\/comments?post=387"}],"wp:featuredmedia":[{"embeddable":true,"href":"https:\/\/bezpieczneprzedszkole.com.pl\/index.php\/wp-json\/wp\/v2\/media\/1321"}],"wp:attachment":[{"href":"https:\/\/bezpieczneprzedszkole.com.pl\/index.php\/wp-json\/wp\/v2\/media?parent=387"}],"wp:term":[{"taxonomy":"product_cat","embeddable":true,"href":"https:\/\/bezpieczneprzedszkole.com.pl\/index.php\/wp-json\/wp\/v2\/product_cat?post=387"},{"taxonomy":"product_tag","embeddable":true,"href":"https:\/\/bezpieczneprzedszkole.com.pl\/index.php\/wp-json\/wp\/v2\/product_tag?post=387"}],"curies":[{"name":"wp","href":"https:\/\/api.w.org\/{rel}","templated":true}]}}