{"id":1338,"date":"2017-12-30T07:33:15","date_gmt":"2017-12-30T06:33:15","guid":{"rendered":"http:\/\/bezpieczneprzedszkole.com\/?post_type=product&#038;p=1338"},"modified":"2017-12-30T07:33:15","modified_gmt":"2017-12-30T06:33:15","slug":"tekstylne-miasteczko-drogowe","status":"publish","type":"product","link":"https:\/\/bezpieczneprzedszkole.com.pl\/index.php\/produkt\/tekstylne-miasteczko-drogowe\/","title":{"rendered":"Tekstylne Miasteczko Drogowe"},"content":{"rendered":"<p>Kt\u00f3re dziecko nie marzy o tym, by cho\u0107 przez chwil\u0119 sta\u0107 si\u0119 kierowc\u0105 policyjnego samochodu, karetki, wozu stra\u017cackiego albo wielkiej ci\u0119\u017car\u00f3wki? Z Tekstylnym Miasteczkiem Drogowym staje si\u0119 to mo\u017cliwe. Przy okazji nauczyciele otrzymuj\u0105 \u015bwietn\u0105 pomoc edukacyjn\u0105, dzi\u0119ki kt\u00f3rej przedszkolaki b\u0142yskawicznie naucz\u0105 si\u0119 zasad ruchu drogowego, a po sko\u0144czonych zaj\u0119ciach wszystkie samochody i pasy rolujemy, dzi\u0119ki czemu w og\u00f3le nie zajmuj\u0105 miejsca.<br \/>\nPodstawowa wersja miasteczka sk\u0142ada si\u0119 z 6 element\u00f3w:<\/p>\n<ul>\n<li>Koszulka \u201ePolicja\u201d<\/li>\n<li>Koszulka \u201eStra\u017c Po\u017carna\u201d<\/li>\n<li>Koszulka \u201eAmbulans\u201d<\/li>\n<li>Koszulka \u201eTIR\u201d<\/li>\n<li>Koszulka \u201eSygnalizator\u201d<\/li>\n<li>Przej\u015bcie dla pieszych.<\/li>\n<\/ul>\n<p>Koszulki zrobione s\u0105 z odpornego na zniszczenie i zabrudzenie materia\u0142u (mo\u017cna pra\u0107). Wk\u0142adane przez g\u0142ow\u0119, nie kr\u0119puj\u0105 ruch\u00f3w, \u0142atwo je za\u0142o\u017cy\u0107 i zdj\u0105\u0107. S\u0105 ca\u0142kowicie bezpieczne podczas zabawy. Nie maj\u0105 \u017cadnych twardych element\u00f3w. Tekstylne miasteczko umo\u017cliwia zabaw\u0119 i prac\u0119 dla ca\u0142ej grupy. Elementy miasteczka mo\u017cna r\u00f3wnie\u017c wykorzysta\u0107 jako str\u00f3j do wszelkich przedszkolnych przedstawie\u0144. Opakowaniem Miasteczka jest ekologiczna, kartonowa tuba    <\/p>\n","protected":false},"excerpt":{"rendered":"<p>Kt\u00f3re dziecko nie marzy o tym, by cho\u0107 przez chwil\u0119 sta\u0107 si\u0119 kierowc\u0105 policyjnego samochodu, karetki, wozu stra\u017cackiego albo wielkiej ci\u0119\u017car\u00f3wki? Z Tekstylnym Miasteczkiem Drogowym staje si\u0119 to mo\u017cliwe. Przy okazji nauczyciele otrzymuj\u0105 \u015bwietn\u0105 pomoc edukacyjn\u0105, dzi\u0119ki kt\u00f3rej przedszkolaki b\u0142yskawicznie naucz\u0105 si\u0119 zasad ruchu drogowego, a po sko\u0144czonych zaj\u0119ciach wszystkie samochody i pasy rolujemy, dzi\u0119ki czemu w og\u00f3le nie zajmuj\u0105 miejsca.<\/p>\n","protected":false},"featured_media":1339,"comment_status":"closed","ping_status":"closed","template":"","meta":[],"product_cat":[153,166,154],"product_tag":[168],"_links":{"self":[{"href":"https:\/\/bezpieczneprzedszkole.com.pl\/index.php\/wp-json\/wp\/v3\/product\/1338"}],"collection":[{"href":"https:\/\/bezpieczneprzedszkole.com.pl\/index.php\/wp-json\/wp\/v3\/product"}],"about":[{"href":"https:\/\/bezpieczneprzedszkole.com.pl\/index.php\/wp-json\/wp\/v2\/types\/product"}],"replies":[{"embeddable":true,"href":"https:\/\/bezpieczneprzedszkole.com.pl\/index.php\/wp-json\/wp\/v2\/comments?post=1338"}],"wp:featuredmedia":[{"embeddable":true,"href":"https:\/\/bezpieczneprzedszkole.com.pl\/index.php\/wp-json\/wp\/v2\/media\/1339"}],"wp:attachment":[{"href":"https:\/\/bezpieczneprzedszkole.com.pl\/index.php\/wp-json\/wp\/v2\/media?parent=1338"}],"wp:term":[{"taxonomy":"product_cat","embeddable":true,"href":"https:\/\/bezpieczneprzedszkole.com.pl\/index.php\/wp-json\/wp\/v2\/product_cat?post=1338"},{"taxonomy":"product_tag","embeddable":true,"href":"https:\/\/bezpieczneprzedszkole.com.pl\/index.php\/wp-json\/wp\/v2\/product_tag?post=1338"}],"curies":[{"name":"wp","href":"https:\/\/api.w.org\/{rel}","templated":true}]}}